

{"id":7269,"date":"2025-11-13T12:04:32","date_gmt":"2025-11-13T11:04:32","guid":{"rendered":"https:\/\/intercel.eu\/?page_id=7269"},"modified":"2025-11-13T12:04:32","modified_gmt":"2025-11-13T11:04:32","slug":"mobile-energiespeicher","status":"publish","type":"page","link":"https:\/\/intercel.eu\/de\/mobile-energiespeicher\/","title":{"rendered":"Mobile Energiespeicher"},"content":{"rendered":"\n<div class=\"wp-block-group is-layout-flow wp-block-group-is-layout-flow\">\n<p>Unter netzunabh\u00e4ngiger Stromversorgung versteht man alle Aktivit\u00e4ten, die Strom ben\u00f6tigen, ohne Zugang zum Stromnetz zu haben. Mobile Energiespeicher sind speziell f\u00fcr tempor\u00e4re Veranstaltungen gedacht, bei denen eine einfach zu installierende, ger\u00e4uscharme und emissionsfreie Stromerzeugung ben\u00f6tigt wird.<\/p>\n<\/div>\n\n<div class=\"wp-block-group alignfull has-vertical-white-to-grey-gradient-background has-background is-layout-flow wp-block-group-is-layout-flow\" style=\"padding-right:var(--wp--preset--spacing--30);padding-bottom:var(--wp--preset--spacing--60);padding-left:var(--wp--preset--spacing--30)\">\n<div class=\"wp-block-group alignwide has-global-padding is-layout-constrained wp-container-core-group-is-layout-7db9d80f wp-block-group-is-layout-constrained\" style=\"padding-right:0;padding-left:0\">\n<h2 class=\"wp-block-heading alignwide\">Anwendungen<\/h2>\n\n\n<section class=\"wp-block-indrukwekkend-al-het-nieuws alignwide cards list columns-3\">\n\t\t\t\n\t\t\t<div class=\"ajax_content\" data-number='50' data-columns='3' data-content='1' data-thumbnail='1' data-thumbnailsize='rechthoek' data-exlength='55' data-order='desc' data-orderby='date' data-pijltje='1' data-text='Read more' data-paginate='' >\n\t\t\t\n\t\t\t\n\t\t\t<\/div>\n\t\t<\/section><\/div>\n<\/div>\n","protected":false},"excerpt":{"rendered":"<p>Unter netzunabh\u00e4ngiger Stromversorgung versteht man alle Aktivit\u00e4ten, die Strom ben\u00f6tigen, ohne Zugang zum Stromnetz zu haben. Mobile Energiespeicher sind speziell f\u00fcr tempor\u00e4re Veranstaltungen gedacht, bei denen eine einfach zu installierende, ger\u00e4uscharme und emissionsfreie Stromerzeugung ben\u00f6tigt wird. Anwendungen<\/p>\n","protected":false},"author":1,"featured_media":7242,"parent":0,"menu_order":0,"comment_status":"open","ping_status":"open","template":"","meta":{"footnotes":""},"class_list":["post-7269","page","type-page","status-publish","has-post-thumbnail","hentry"],"acf":[],"_links":{"self":[{"href":"https:\/\/intercel.eu\/de\/wp-json\/wp\/v2\/pages\/7269","targetHints":{"allow":["GET"]}}],"collection":[{"href":"https:\/\/intercel.eu\/de\/wp-json\/wp\/v2\/pages"}],"about":[{"href":"https:\/\/intercel.eu\/de\/wp-json\/wp\/v2\/types\/page"}],"author":[{"embeddable":true,"href":"https:\/\/intercel.eu\/de\/wp-json\/wp\/v2\/users\/1"}],"replies":[{"embeddable":true,"href":"https:\/\/intercel.eu\/de\/wp-json\/wp\/v2\/comments?post=7269"}],"version-history":[{"count":1,"href":"https:\/\/intercel.eu\/de\/wp-json\/wp\/v2\/pages\/7269\/revisions"}],"predecessor-version":[{"id":11176,"href":"https:\/\/intercel.eu\/de\/wp-json\/wp\/v2\/pages\/7269\/revisions\/11176"}],"wp:featuredmedia":[{"embeddable":true,"href":"https:\/\/intercel.eu\/de\/wp-json\/wp\/v2\/media\/7242"}],"wp:attachment":[{"href":"https:\/\/intercel.eu\/de\/wp-json\/wp\/v2\/media?parent=7269"}],"curies":[{"name":"wp","href":"https:\/\/api.w.org\/{rel}","templated":true}]}}

<div class="wp-block-group is-layout-flow wp-block-group-is-layout-flow">
<p>Unter netzunabhängiger Stromversorgung versteht man alle Aktivitäten, die Strom benötigen, ohne Zugang zum Stromnetz zu haben. Mobile Energiespeicher sind speziell für temporäre Veranstaltungen gedacht, bei denen eine einfach zu installierende, geräuscharme und emissionsfreie Stromerzeugung benötigt wird.</p>
</div>

<div class="wp-block-group alignfull has-vertical-white-to-grey-gradient-background has-background is-layout-flow wp-block-group-is-layout-flow" style="padding-right:var(--wp--preset--spacing--30);padding-bottom:var(--wp--preset--spacing--60);padding-left:var(--wp--preset--spacing--30)">
<div class="wp-block-group alignwide has-global-padding is-layout-constrained wp-container-core-group-is-layout-7db9d80f wp-block-group-is-layout-constrained" style="padding-right:0;padding-left:0">
<h2 class="wp-block-heading alignwide">Anwendungen</h2>


<section class="wp-block-indrukwekkend-al-het-nieuws alignwide cards list columns-3">
			
			<div class="ajax_content" data-number='50' data-columns='3' data-content='1' data-thumbnail='1' data-thumbnailsize='rechthoek' data-exlength='55' data-order='desc' data-orderby='date' data-pijltje='1' data-text='Read more' data-paginate='' >
			
			
			</div>
		</section></div>
</div>

<p>Unter netzunabhängiger Stromversorgung versteht man alle Aktivitäten, die Strom benötigen, ohne Zugang zum Stromnetz zu haben. Mobile Energiespeicher sind speziell für temporäre Veranstaltungen gedacht, bei denen eine einfach zu installierende, geräuscharme und emissionsfreie Stromerzeugung benötigt wird. Anwendungen</p>
